{"id":3932,"date":"2023-10-24T15:07:37","date_gmt":"2023-10-24T21:07:37","guid":{"rendered":"https:\/\/www.colorlatina.org\/?post_type=tribe_events&#038;p=3932"},"modified":"2023-10-24T15:07:37","modified_gmt":"2023-10-24T21:07:37","slug":"beyond-the-ballot-aurora","status":"publish","type":"tribe_events","link":"https:\/\/www.colorlatina.org\/es\/event\/beyond-the-ballot-aurora\/","title":{"rendered":"M\u00e1s all\u00e1 de la votaci\u00f3n: Aurora"},"content":{"rendered":"<p>Este jueves 26, \u00fanete a COLOR y New Era Colorado en\u00a0<strong><em>D\u00eda de votaci\u00f3n anticipada<\/em><\/strong>\u00a0para<strong> \u00a1Aprenda m\u00e1s sobre sus derechos de voto, c\u00f3mo votar y qu\u00e9 hay en la boleta!\u00a0<\/strong>\u00a1Aseg\u00farate de traer tu boleta contigo para que puedas emitir tu voto junto con otras personas en todo el pa\u00eds!<\/p>\n<p style=\"text-align: center;\"><em>RECUERDE: El 7 de noviembre se celebran elecciones estatales. Adem\u00e1s, la ciudad de Aurora tiene elecciones locales para alcalde y varios cargos en el concejo municipal.\u00a0<\/em><\/p>\n<p style=\"text-align: center;\">26 de octubre de 2023<\/p>\n<p style=\"text-align: center;\"><span style=\"font-size: medium;\">5:30 \u2013 6:30 p.m.<\/span><\/p>\n<p style=\"text-align: center;\"><span style=\"font-size: medium;\">Colegio Comunitario de Aurora<\/span><\/p>\n<p style=\"text-align: center;\"><span style=\"font-size: medium;\">Cuadr\u00e1ngulo Norte, Sala 107<\/span><\/p>\n<p style=\"text-align: center;\"><strong>\u00a1Tu voto importa!<\/strong><\/p>","protected":false},"excerpt":{"rendered":"<p>Este jueves 26, \u00fanete a COLOR y New Era Colorado en el D\u00eda de Votaci\u00f3n Anticipada para aprender m\u00e1s sobre tus derechos de voto, c\u00f3mo votar y qu\u00e9 hay en la boleta. \u00a1No olvides traer [\u2026]<\/p>","protected":false},"author":1,"featured_media":3934,"template":"","meta":{"_tribe_events_status":"","_tribe_events_status_reason":"","_tribe_events_is_hybrid":"","_tribe_events_is_virtual":"","_tribe_events_virtual_video_source":"","_tribe_events_virtual_embed_video":"","_tribe_events_virtual_linked_button_text":"","_tribe_events_virtual_linked_button":"","_tribe_events_virtual_show_embed_at":"","_tribe_events_virtual_show_embed_to":[],"_tribe_events_virtual_show_on_event":"","_tribe_events_virtual_show_on_views":"","_tribe_events_virtual_url":"","footnotes":""},"tags":[],"tribe_events_cat":[],"class_list":["post-3932","tribe_events","type-tribe_events","status-publish","has-post-thumbnail","hentry"],"yoast_head":"<!-- This site is optimized with the Yoast SEO plugin v26.0 - https:\/\/yoast.com\/wordpress\/plugins\/seo\/ -->\n<title>Beyond the Ballot: Aurora - COLOR Latina<\/title>\n<meta name=\"robots\" content=\"index, follow, max-snippet:-1, max-image-preview:large, max-video-preview:-1\" \/>\n<link rel=\"canonical\" href=\"https:\/\/www.colorlatina.org\/es\/event\/beyond-the-ballot-aurora\/\" \/>\n<meta property=\"og:locale\" content=\"es_MX\" \/>\n<meta property=\"og:type\" content=\"article\" \/>\n<meta property=\"og:title\" content=\"Beyond the Ballot: Aurora - COLOR Latina\" \/>\n<meta property=\"og:description\" content=\"This Thursday, the 26th, join COLOR and New Era Colorado on\u00a0Vote Early Day\u00a0to learn more about your voting rights, how to vote, and what&#8217;s on the ballot!\u00a0Make sure to bring [&hellip;]\" \/>\n<meta property=\"og:url\" content=\"https:\/\/www.colorlatina.org\/es\/event\/beyond-the-ballot-aurora\/\" \/>\n<meta property=\"og:site_name\" content=\"COLOR Latina\" \/>\n<meta property=\"og:image\" content=\"https:\/\/www.colorlatina.org\/wp-content\/uploads\/2023\/10\/Orange-and-Blue-Bright-and-Bold-Voting-Green-Climate-Change-Poster-2.jpg\" \/>\n\t<meta property=\"og:image:width\" content=\"1584\" \/>\n\t<meta property=\"og:image:height\" content=\"700\" \/>\n\t<meta property=\"og:image:type\" content=\"image\/jpeg\" \/>\n<meta name=\"twitter:card\" content=\"summary_large_image\" \/>\n<meta name=\"twitter:label1\" content=\"Tiempo de lectura\" \/>\n\t<meta name=\"twitter:data1\" content=\"1 minuto\" \/>\n<script type=\"application\/ld+json\" class=\"yoast-schema-graph\">{\"@context\":\"https:\/\/schema.org\",\"@graph\":[{\"@type\":\"WebPage\",\"@id\":\"https:\/\/www.colorlatina.org\/event\/beyond-the-ballot-aurora\/\",\"url\":\"https:\/\/www.colorlatina.org\/event\/beyond-the-ballot-aurora\/\",\"name\":\"Beyond the Ballot: Aurora - COLOR Latina\",\"isPartOf\":{\"@id\":\"https:\/\/www.colorlatina.org\/#website\"},\"primaryImageOfPage\":{\"@id\":\"https:\/\/www.colorlatina.org\/event\/beyond-the-ballot-aurora\/#primaryimage\"},\"image\":{\"@id\":\"https:\/\/www.colorlatina.org\/event\/beyond-the-ballot-aurora\/#primaryimage\"},\"thumbnailUrl\":\"https:\/\/www.colorlatina.org\/wp-content\/uploads\/2023\/10\/Orange-and-Blue-Bright-and-Bold-Voting-Green-Climate-Change-Poster-2.jpg\",\"datePublished\":\"2023-10-24T21:07:37+00:00\",\"breadcrumb\":{\"@id\":\"https:\/\/www.colorlatina.org\/event\/beyond-the-ballot-aurora\/#breadcrumb\"},\"inLanguage\":\"es\",\"potentialAction\":[{\"@type\":\"ReadAction\",\"target\":[\"https:\/\/www.colorlatina.org\/event\/beyond-the-ballot-aurora\/\"]}]},{\"@type\":\"ImageObject\",\"inLanguage\":\"es\",\"@id\":\"https:\/\/www.colorlatina.org\/event\/beyond-the-ballot-aurora\/#primaryimage\",\"url\":\"https:\/\/www.colorlatina.org\/wp-content\/uploads\/2023\/10\/Orange-and-Blue-Bright-and-Bold-Voting-Green-Climate-Change-Poster-2.jpg\",\"contentUrl\":\"https:\/\/www.colorlatina.org\/wp-content\/uploads\/2023\/10\/Orange-and-Blue-Bright-and-Bold-Voting-Green-Climate-Change-Poster-2.jpg\",\"width\":1584,\"height\":700},{\"@type\":\"BreadcrumbList\",\"@id\":\"https:\/\/www.colorlatina.org\/event\/beyond-the-ballot-aurora\/#breadcrumb\",\"itemListElement\":[{\"@type\":\"ListItem\",\"position\":1,\"name\":\"Home\",\"item\":\"https:\/\/www.colorlatina.org\/\"},{\"@type\":\"ListItem\",\"position\":2,\"name\":\"Eventos\",\"item\":\"https:\/\/www.colorlatina.org\/es\/events\/\"},{\"@type\":\"ListItem\",\"position\":3,\"name\":\"Beyond the Ballot: Aurora\"}]},{\"@type\":\"WebSite\",\"@id\":\"https:\/\/www.colorlatina.org\/#website\",\"url\":\"https:\/\/www.colorlatina.org\/\",\"name\":\"COLOR Latina\",\"description\":\"\",\"publisher\":{\"@id\":\"https:\/\/www.colorlatina.org\/#organization\"},\"potentialAction\":[{\"@type\":\"SearchAction\",\"target\":{\"@type\":\"EntryPoint\",\"urlTemplate\":\"https:\/\/www.colorlatina.org\/?s={search_term_string}\"},\"query-input\":{\"@type\":\"PropertyValueSpecification\",\"valueRequired\":true,\"valueName\":\"search_term_string\"}}],\"inLanguage\":\"es\"},{\"@type\":\"Organization\",\"@id\":\"https:\/\/www.colorlatina.org\/#organization\",\"name\":\"COLOR Latina\",\"url\":\"https:\/\/www.colorlatina.org\/\",\"logo\":{\"@type\":\"ImageObject\",\"inLanguage\":\"es\",\"@id\":\"https:\/\/www.colorlatina.org\/#\/schema\/logo\/image\/\",\"url\":\"https:\/\/live-color-latina.pantheonsite.io\/wp-content\/uploads\/2022\/04\/color-latina-fb.jpg\",\"contentUrl\":\"https:\/\/live-color-latina.pantheonsite.io\/wp-content\/uploads\/2022\/04\/color-latina-fb.jpg\",\"width\":1200,\"height\":630,\"caption\":\"COLOR Latina\"},\"image\":{\"@id\":\"https:\/\/www.colorlatina.org\/#\/schema\/logo\/image\/\"}}]}<\/script>\n<!-- \/ Yoast SEO plugin. -->","yoast_head_json":{"title":"M\u00e1s all\u00e1 de la votaci\u00f3n: Aurora - COLOR Latina","robots":{"index":"index","follow":"follow","max-snippet":"max-snippet:-1","max-image-preview":"max-image-preview:large","max-video-preview":"max-video-preview:-1"},"canonical":"https:\/\/www.colorlatina.org\/es\/event\/beyond-the-ballot-aurora\/","og_locale":"es_MX","og_type":"article","og_title":"Beyond the Ballot: Aurora - COLOR Latina","og_description":"This Thursday, the 26th, join COLOR and New Era Colorado on\u00a0Vote Early Day\u00a0to learn more about your voting rights, how to vote, and what&#8217;s on the ballot!\u00a0Make sure to bring [&hellip;]","og_url":"https:\/\/www.colorlatina.org\/es\/event\/beyond-the-ballot-aurora\/","og_site_name":"COLOR Latina","og_image":[{"width":1584,"height":700,"url":"https:\/\/www.colorlatina.org\/wp-content\/uploads\/2023\/10\/Orange-and-Blue-Bright-and-Bold-Voting-Green-Climate-Change-Poster-2.jpg","type":"image\/jpeg"}],"twitter_card":"summary_large_image","twitter_misc":{"Tiempo de lectura":"1 minuto"},"schema":{"@context":"https:\/\/schema.org","@graph":[{"@type":"WebPage","@id":"https:\/\/www.colorlatina.org\/event\/beyond-the-ballot-aurora\/","url":"https:\/\/www.colorlatina.org\/event\/beyond-the-ballot-aurora\/","name":"M\u00e1s all\u00e1 de la votaci\u00f3n: Aurora - COLOR Latina","isPartOf":{"@id":"https:\/\/www.colorlatina.org\/#website"},"primaryImageOfPage":{"@id":"https:\/\/www.colorlatina.org\/event\/beyond-the-ballot-aurora\/#primaryimage"},"image":{"@id":"https:\/\/www.colorlatina.org\/event\/beyond-the-ballot-aurora\/#primaryimage"},"thumbnailUrl":"https:\/\/www.colorlatina.org\/wp-content\/uploads\/2023\/10\/Orange-and-Blue-Bright-and-Bold-Voting-Green-Climate-Change-Poster-2.jpg","datePublished":"2023-10-24T21:07:37+00:00","breadcrumb":{"@id":"https:\/\/www.colorlatina.org\/event\/beyond-the-ballot-aurora\/#breadcrumb"},"inLanguage":"es","potentialAction":[{"@type":"ReadAction","target":["https:\/\/www.colorlatina.org\/event\/beyond-the-ballot-aurora\/"]}]},{"@type":"ImageObject","inLanguage":"es","@id":"https:\/\/www.colorlatina.org\/event\/beyond-the-ballot-aurora\/#primaryimage","url":"https:\/\/www.colorlatina.org\/wp-content\/uploads\/2023\/10\/Orange-and-Blue-Bright-and-Bold-Voting-Green-Climate-Change-Poster-2.jpg","contentUrl":"https:\/\/www.colorlatina.org\/wp-content\/uploads\/2023\/10\/Orange-and-Blue-Bright-and-Bold-Voting-Green-Climate-Change-Poster-2.jpg","width":1584,"height":700},{"@type":"BreadcrumbList","@id":"https:\/\/www.colorlatina.org\/event\/beyond-the-ballot-aurora\/#breadcrumb","itemListElement":[{"@type":"ListItem","position":1,"name":"Home","item":"https:\/\/www.colorlatina.org\/"},{"@type":"ListItem","position":2,"name":"Eventos","item":"https:\/\/www.colorlatina.org\/es\/events\/"},{"@type":"ListItem","position":3,"name":"Beyond the Ballot: Aurora"}]},{"@type":"WebSite","@id":"https:\/\/www.colorlatina.org\/#website","url":"https:\/\/www.colorlatina.org\/","name":"COLOR Latina","description":"","publisher":{"@id":"https:\/\/www.colorlatina.org\/#organization"},"potentialAction":[{"@type":"SearchAction","target":{"@type":"EntryPoint","urlTemplate":"https:\/\/www.colorlatina.org\/?s={search_term_string}"},"query-input":{"@type":"PropertyValueSpecification","valueRequired":true,"valueName":"search_term_string"}}],"inLanguage":"es"},{"@type":"Organization","@id":"https:\/\/www.colorlatina.org\/#organization","name":"COLOR Latina","url":"https:\/\/www.colorlatina.org\/","logo":{"@type":"ImageObject","inLanguage":"es","@id":"https:\/\/www.colorlatina.org\/#\/schema\/logo\/image\/","url":"https:\/\/live-color-latina.pantheonsite.io\/wp-content\/uploads\/2022\/04\/color-latina-fb.jpg","contentUrl":"https:\/\/live-color-latina.pantheonsite.io\/wp-content\/uploads\/2022\/04\/color-latina-fb.jpg","width":1200,"height":630,"caption":"COLOR Latina"},"image":{"@id":"https:\/\/www.colorlatina.org\/#\/schema\/logo\/image\/"}}]}},"_links":{"self":[{"href":"https:\/\/www.colorlatina.org\/es\/wp-json\/wp\/v2\/tribe_events\/3932","targetHints":{"allow":["GET"]}}],"collection":[{"href":"https:\/\/www.colorlatina.org\/es\/wp-json\/wp\/v2\/tribe_events"}],"about":[{"href":"https:\/\/www.colorlatina.org\/es\/wp-json\/wp\/v2\/types\/tribe_events"}],"author":[{"embeddable":true,"href":"https:\/\/www.colorlatina.org\/es\/wp-json\/wp\/v2\/users\/1"}],"version-history":[{"count":1,"href":"https:\/\/www.colorlatina.org\/es\/wp-json\/wp\/v2\/tribe_events\/3932\/revisions"}],"predecessor-version":[{"id":3935,"href":"https:\/\/www.colorlatina.org\/es\/wp-json\/wp\/v2\/tribe_events\/3932\/revisions\/3935"}],"wp:featuredmedia":[{"embeddable":true,"href":"https:\/\/www.colorlatina.org\/es\/wp-json\/wp\/v2\/media\/3934"}],"wp:attachment":[{"href":"https:\/\/www.colorlatina.org\/es\/wp-json\/wp\/v2\/media?parent=3932"}],"wp:term":[{"taxonomy":"post_tag","embeddable":true,"href":"https:\/\/www.colorlatina.org\/es\/wp-json\/wp\/v2\/tags?post=3932"},{"taxonomy":"tribe_events_cat","embeddable":true,"href":"https:\/\/www.colorlatina.org\/es\/wp-json\/wp\/v2\/tribe_events_cat?post=3932"}],"curies":[{"name":"wp","href":"https:\/\/api.w.org\/{rel}","templated":true}]}}

Más allá de la votación: Aurora

<p>Este jueves 26, únete a COLOR y New Era Colorado en <strong><em>Día de votación anticipada</em></strong> para<strong> ¡Aprenda más sobre sus derechos de voto, cómo votar y qué hay en la boleta! </strong>¡Asegúrate de traer tu boleta contigo para que puedas emitir tu voto junto con otras personas en todo el país!</p>
<p style="text-align: center;"><em>RECUERDE: El 7 de noviembre se celebran elecciones estatales. Además, la ciudad de Aurora tiene elecciones locales para alcalde y varios cargos en el concejo municipal. </em></p>
<p style="text-align: center;">26 de octubre de 2023</p>
<p style="text-align: center;"><span style="font-size: medium;">5:30 – 6:30 p.m.</span></p>
<p style="text-align: center;"><span style="font-size: medium;">Colegio Comunitario de Aurora</span></p>
<p style="text-align: center;"><span style="font-size: medium;">Cuadrángulo Norte, Sala 107</span></p>
<p style="text-align: center;"><strong>¡Tu voto importa!</strong></p>

<p>Este jueves 26, únete a COLOR y New Era Colorado en el Día de Votación Anticipada para aprender más sobre tus derechos de voto, cómo votar y qué hay en la boleta. ¡No olvides traer […]</p>

Más allá de la votación: Aurora - COLOR Latina
